{"id":966,"date":"2016-06-09T15:18:36","date_gmt":"2016-06-09T13:18:36","guid":{"rendered":"https:\/\/www.tesla-x-mieten.ch\/?page_id=966"},"modified":"2019-09-23T16:15:59","modified_gmt":"2019-09-23T14:15:59","slug":"online-reservieren-pakete","status":"publish","type":"page","link":"https:\/\/www.teslasharing.com?page_id=966","title":{"rendered":"Online reservieren &#8211; Pakete"},"content":{"rendered":"<p>[vc_row css_animation=&#8220;&#8220; row_type=&#8220;row&#8220; use_row_as_full_screen_section=&#8220;no&#8220; type=&#8220;full_width&#8220; angled_section=&#8220;no&#8220; text_align=&#8220;left&#8220; background_image_as_pattern=&#8220;without_pattern&#8220; css=&#8220;.vc_custom_1481559095396{padding-top: 0px !important;padding-bottom: 20px !important;}&#8220;][vc_column width=&#8220;1\/3&#8243;][vc_single_image image=&#8220;1018&#8243; img_size=&#8220;64&#215;64&#8243; alignment=&#8220;center&#8220; qode_css_animation=&#8220;&#8220;][vc_separator type=&#8220;transparent&#8220; thickness=&#8220;0&#8243; up=&#8220;31&#8243; down=&#8220;0&#8243;][vc_column_text]<\/p>\n<h4 style=\"text-align: center;\">1. Paket ausw\u00e4hlen<\/h4>\n<p>[\/vc_column_text][vc_separator type=&#8220;transparent&#8220; thickness=&#8220;0&#8243; up=&#8220;25&#8243; down=&#8220;0&#8243;][vc_column_text]Buchen Sie ein Paket mit 10, 20, 30 oder 40 Tagen und l\u00f6sen Sie die Tage nach Ihren Bed\u00fcrfnissen w\u00e4hrend eines Jahres ein. Jedes Fahrzeug in unserer Flotte steht zur Ihrer Verf\u00fcgung.[\/vc_column_text][\/vc_column][vc_column width=&#8220;1\/3&#8243;][vc_single_image image=&#8220;502&#8243; img_size=&#8220;64&#215;64&#8243; alignment=&#8220;center&#8220; qode_css_animation=&#8220;&#8220;][vc_separator type=&#8220;transparent&#8220; thickness=&#8220;0&#8243; up=&#8220;31&#8243; down=&#8220;0&#8243;][vc_column_text]<\/p>\n<h4 style=\"text-align: center;\">2. Vertrag ausf\u00fcllen<\/h4>\n<p>[\/vc_column_text][vc_separator type=&#8220;transparent&#8220; thickness=&#8220;0&#8243; up=&#8220;25&#8243; down=&#8220;0&#8243;][vc_column_text]Wir best\u00e4tigen Ihre Reservation und senden Ihnen per Mail einen Link zum Vertrag. Diesen m\u00fcssen Sie nur einmal ausf\u00fcllen. Er gilt f\u00fcr das ganze Jahr.[\/vc_column_text][\/vc_column][vc_column width=&#8220;1\/3&#8243;][vc_single_image image=&#8220;496&#8243; img_size=&#8220;64&#215;64&#8243; alignment=&#8220;center&#8220; qode_css_animation=&#8220;&#8220;][vc_separator type=&#8220;transparent&#8220; thickness=&#8220;0&#8243; up=&#8220;31&#8243; down=&#8220;0&#8243;][vc_column_text]<\/p>\n<h4 style=\"text-align: center;\">3. Wagen abholen<\/h4>\n<p>[\/vc_column_text][vc_separator type=&#8220;transparent&#8220; thickness=&#8220;0&#8243; up=&#8220;25&#8243; down=&#8220;0&#8243;][vc_column_text]Holen Sie den Tesla zum vereinbarten Zeitpunkt an unserem Standort ab oder wir liefern gem\u00e4ss Vereinbarung.[\/vc_column_text][\/vc_column][\/vc_row][vc_row css_animation=&#8220;&#8220; row_type=&#8220;row&#8220; use_row_as_full_screen_section=&#8220;no&#8220; type=&#8220;full_width&#8220; angled_section=&#8220;no&#8220; text_align=&#8220;left&#8220; background_image_as_pattern=&#8220;without_pattern&#8220;][vc_column][vc_separator type=&#8220;transparent&#8220; thickness=&#8220;0&#8243; up=&#8220;70&#8243; down=&#8220;0&#8243;][\/vc_column][\/vc_row][vc_row css_animation=&#8220;&#8220; row_type=&#8220;row&#8220; use_row_as_full_screen_section=&#8220;no&#8220; type=&#8220;grid&#8220; angled_section=&#8220;no&#8220; text_align=&#8220;left&#8220; background_image_as_pattern=&#8220;without_pattern&#8220; bg_type=&#8220;bg_color&#8220; bg_override=&#8220;full&#8220; bg_color_value=&#8220;#f6f6f6&#8243;][vc_column][vc_column_text css=&#8220;.vc_custom_1490899866793{padding-top: 40px !important;}&#8220;]<\/p>\n<h3 style=\"text-align: center;\">TESLA S<\/h3>\n<p>[\/vc_column_text][vc_separator type=&#8220;transparent&#8220; thickness=&#8220;0&#8243; up=&#8220;40&#8243; down=&#8220;0&#8243;][\/vc_column][\/vc_row][vc_row css_animation=&#8220;&#8220; row_type=&#8220;row&#8220; use_row_as_full_screen_section=&#8220;no&#8220; type=&#8220;full_width&#8220; angled_section=&#8220;no&#8220; text_align=&#8220;left&#8220; background_image_as_pattern=&#8220;without_pattern&#8220;][vc_column][qode_pricing_tables columns=&#8220;four_columns&#8220;][qode_pricing_table title=&#8220;10 Tage&#8220; show_button=&#8220;no&#8220; active=&#8220;no&#8220; price=&#8220;210&#8243; currency=&#8220;CHF&#8220; price_period=&#8220;Tag&#8220;]<\/p>\n<ul>\n<li>g\u00fcltig w\u00e4hrend einem Jahr<\/li>\n<li>250km \/ Tag<\/li>\n<li>Sie sparen 400 CHF<\/li>\n<\/ul>\n<p>[\/qode_pricing_table][qode_pricing_table title=&#8220;20 Tage&#8220; show_button=&#8220;no&#8220; active=&#8220;no&#8220; price=&#8220;200&#8243; currency=&#8220;CHF&#8220; price_period=&#8220;Tag&#8220;]<\/p>\n<ul>\n<li>g\u00fcltig w\u00e4hrend einem Jahr<\/li>\n<li>250 km \/ Tag<\/li>\n<li>Sie sparen 1&#8217;000 CHF<\/li>\n<\/ul>\n<p>[\/qode_pricing_table][qode_pricing_table title=&#8220;30 Tage&#8220; show_button=&#8220;no&#8220; active=&#8220;no&#8220; price=&#8220;190&#8243; currency=&#8220;CHF&#8220; price_period=&#8220;Tag&#8220;]<\/p>\n<ul>\n<li>g\u00fcltig w\u00e4hrend einem Jahr<\/li>\n<li>250 km \/ Tag<\/li>\n<li>Sie sparen 1&#8217;800 CHF<\/li>\n<\/ul>\n<p>[\/qode_pricing_table][qode_pricing_table title=&#8220;40 Tage&#8220; show_button=&#8220;no&#8220; active=&#8220;yes&#8220; price=&#8220;180&#8243; currency=&#8220;CHF&#8220; price_period=&#8220;Tag&#8220; active_text=&#8220;Bester Deal!&#8220;]<\/p>\n<ul>\n<li>g\u00fcltig w\u00e4hrend einem Jahr<\/li>\n<li>250 km \/ Tag<\/li>\n<li>Sie sparen 2&#8217;800 CHF<\/li>\n<\/ul>\n<p>[\/qode_pricing_table][\/qode_pricing_tables][vc_separator type=&#8220;transparent&#8220; up=&#8220;70&#8243;][\/vc_column][\/vc_row][vc_row css_animation=&#8220;&#8220; row_type=&#8220;row&#8220; use_row_as_full_screen_section=&#8220;no&#8220; type=&#8220;grid&#8220; angled_section=&#8220;no&#8220; text_align=&#8220;left&#8220; background_image_as_pattern=&#8220;without_pattern&#8220; bg_type=&#8220;bg_color&#8220; bg_override=&#8220;full&#8220; bg_color_value=&#8220;#f6f6f6&#8243;][vc_column][vc_column_text css=&#8220;.vc_custom_1569248008939{padding-top: 40px !important;}&#8220;]<\/p>\n<h3 style=\"text-align: center;\">\u00a0TESLA X &#8211; im Moment nicht verf\u00fcgbar<\/h3>\n<p>[\/vc_column_text][vc_separator type=&#8220;transparent&#8220; thickness=&#8220;0&#8243; up=&#8220;40&#8243; down=&#8220;0&#8243;][\/vc_column][\/vc_row][vc_row css_animation=&#8220;&#8220; row_type=&#8220;row&#8220; use_row_as_full_screen_section=&#8220;no&#8220; type=&#8220;full_width&#8220; angled_section=&#8220;no&#8220; text_align=&#8220;left&#8220; background_image_as_pattern=&#8220;without_pattern&#8220;][vc_column][qode_pricing_tables columns=&#8220;four_columns&#8220;][qode_pricing_table title=&#8220;10 Tage&#8220; show_button=&#8220;no&#8220; active=&#8220;no&#8220; price=&#8220;290&#8243; currency=&#8220;CHF&#8220; price_period=&#8220;Tag&#8220;]<\/p>\n<ul>\n<li>g\u00fcltig w\u00e4hrend einem Jahr<\/li>\n<li>250km \/ Tag<\/li>\n<li>Sie sparen 600\u00a0CHF<\/li>\n<\/ul>\n<p>[\/qode_pricing_table][qode_pricing_table title=&#8220;20 Tage&#8220; show_button=&#8220;no&#8220; active=&#8220;no&#8220; price=&#8220;280&#8243; currency=&#8220;CHF&#8220; price_period=&#8220;Tag&#8220;]<\/p>\n<ul>\n<li>g\u00fcltig w\u00e4hrend einem Jahr<\/li>\n<li>250 km \/ Tag<\/li>\n<li>Sie sparen 1&#8217;400 CHF<\/li>\n<\/ul>\n<p>[\/qode_pricing_table][qode_pricing_table title=&#8220;30 Tage&#8220; show_button=&#8220;no&#8220; active=&#8220;no&#8220; price=&#8220;270&#8243; currency=&#8220;CHF&#8220; price_period=&#8220;Tag&#8220;]<\/p>\n<ul>\n<li>g\u00fcltig w\u00e4hrend einem Jahr<\/li>\n<li>250 km \/ Tag<\/li>\n<li>Sie sparen 2&#8217;400 CHF<\/li>\n<\/ul>\n<p>[\/qode_pricing_table][qode_pricing_table title=&#8220;40 Tage&#8220; show_button=&#8220;no&#8220; active=&#8220;yes&#8220; price=&#8220;250&#8243; currency=&#8220;CHF&#8220; price_period=&#8220;Tag&#8220; active_text=&#8220;Bester Deal!&#8220;]<\/p>\n<ul>\n<li>g\u00fcltig w\u00e4hrend einem Jahr<\/li>\n<li>250 km \/ Tag<\/li>\n<li>Sie sparen 4&#8217;000 CHF<\/li>\n<\/ul>\n<p>[\/qode_pricing_table][\/qode_pricing_tables][vc_separator type=&#8220;transparent&#8220; up=&#8220;70&#8243;][\/vc_column][\/vc_row][vc_row css_animation=&#8220;&#8220; row_type=&#8220;row&#8220; use_row_as_full_screen_section=&#8220;no&#8220; type=&#8220;full_width&#8220; angled_section=&#8220;no&#8220; text_align=&#8220;left&#8220; background_image_as_pattern=&#8220;without_pattern&#8220;][vc_column width=&#8220;2\/3&#8243;][vc_column_text]<div class=\"frm_forms  with_frm_style frm_style_formidable-style\" id=\"frm_form_11_container\" >\n<form enctype=\"multipart\/form-data\" method=\"post\" class=\"frm-show-form  frm_pro_form \" id=\"form_4t3wc22\"  >\n<div class=\"frm_form_fields \">\n<fieldset>\n<legend class=\"frm_hidden\">Paket buchen<\/legend>\r\n\r\n<div class=\"frm_fields_container\">\n<input type=\"hidden\" name=\"frm_action\" value=\"create\" \/>\n<input type=\"hidden\" name=\"form_id\" value=\"11\" \/>\n<input type=\"hidden\" name=\"frm_hide_fields_11\" id=\"frm_hide_fields_11\" value=\"\" \/>\n<input type=\"hidden\" name=\"form_key\" value=\"4t3wc22\" \/>\n<input type=\"hidden\" name=\"item_meta[0]\" value=\"\" \/>\n<input type=\"hidden\" id=\"frm_submit_entry_11\" name=\"frm_submit_entry_11\" value=\"d0c2f39f45\" \/><input type=\"hidden\" name=\"_wp_http_referer\" value=\"\/index.php?rest_route=%2Fwp%2Fv2%2Fpages%2F966\" \/><div id=\"frm_field_173_container\" class=\"frm_form_field form-field  frm_required_field frm_top_container frm_first frm_half\">\r\n    <label for=\"field_3kq5v3\" class=\"frm_primary_label\">Vorname\r\n        <span class=\"frm_required\">*<\/span>\r\n    <\/label>\r\n    <input type=\"text\" id=\"field_3kq5v3\" name=\"item_meta[173]\" value=\"\"  data-reqmsg=\"Dieses Feld darf nicht leer sein.\" aria-required=\"true\" data-invmsg=\"Vorname ist ung\u00fcltig\" aria-invalid=\"false\"  \/>\r\n    \r\n    \r\n<\/div>\n<div id=\"frm_field_174_container\" class=\"frm_form_field form-field  frm_required_field frm_top_container frm_half\">\r\n    <label for=\"field_yslvz3\" class=\"frm_primary_label\">Name\r\n        <span class=\"frm_required\">*<\/span>\r\n    <\/label>\r\n    <input type=\"text\" id=\"field_yslvz3\" name=\"item_meta[174]\" value=\"\"  data-reqmsg=\"Dieses Feld darf nicht leer sein.\" aria-required=\"true\" data-invmsg=\"Name ist ung\u00fcltig\" aria-invalid=\"false\"  \/>\r\n    \r\n    \r\n<\/div>\n<div id=\"frm_field_212_container\" class=\"frm_form_field form-field  frm_top_container\">\r\n    <label for=\"field_cqioa\" class=\"frm_primary_label\">Firma\r\n        <span class=\"frm_required\"><\/span>\r\n    <\/label>\r\n    <input type=\"text\" id=\"field_cqioa\" name=\"item_meta[212]\" value=\"\"  data-invmsg=\"Firma ist ung\u00fcltig\" aria-invalid=\"false\"  \/>\r\n    \r\n    \r\n<\/div>\n<div id=\"frm_field_175_container\" class=\"frm_form_field form-field  frm_required_field frm_top_container\">\r\n    <label for=\"field_6safo3\" class=\"frm_primary_label\">Adresse\r\n        <span class=\"frm_required\">*<\/span>\r\n    <\/label>\r\n    <input type=\"text\" id=\"field_6safo3\" name=\"item_meta[175]\" value=\"\"  data-reqmsg=\"Dieses Feld darf nicht leer sein.\" aria-required=\"true\" data-invmsg=\"Adresse ist ung\u00fcltig\" aria-invalid=\"false\"  \/>\r\n    \r\n    \r\n<\/div>\n<div id=\"frm_field_176_container\" class=\"frm_form_field form-field  frm_required_field frm_top_container frm_first frm_fourth\">\r\n    <label for=\"field_th2g63\" class=\"frm_primary_label\">PLZ\r\n        <span class=\"frm_required\">*<\/span>\r\n    <\/label>\r\n    <input type=\"text\" id=\"field_th2g63\" name=\"item_meta[176]\" value=\"\"  data-reqmsg=\"Dieses Feld darf nicht leer sein.\" aria-required=\"true\" data-invmsg=\"PLZ ist ung\u00fcltig\" aria-invalid=\"false\"  \/>\r\n    \r\n    \r\n<\/div>\n<div id=\"frm_field_177_container\" class=\"frm_form_field form-field  frm_required_field frm_top_container frm_three_fourths\">\r\n    <label for=\"field_d4cr53\" class=\"frm_primary_label\">Ort\r\n        <span class=\"frm_required\">*<\/span>\r\n    <\/label>\r\n    <input type=\"text\" id=\"field_d4cr53\" name=\"item_meta[177]\" value=\"\"  data-reqmsg=\"Dieses Feld darf nicht leer sein.\" aria-required=\"true\" data-invmsg=\"Ort ist ung\u00fcltig\" aria-invalid=\"false\"  \/>\r\n    \r\n    \r\n<\/div>\n<div id=\"frm_field_178_container\" class=\"frm_form_field form-field  frm_required_field frm_top_container frm_first frm_half\">\r\n    <label for=\"field_tkum3\" class=\"frm_primary_label\">Mobiltelefon\r\n        <span class=\"frm_required\">*<\/span>\r\n    <\/label>\r\n    <input type=\"text\" id=\"field_tkum3\" name=\"item_meta[178]\" value=\"\"  data-reqmsg=\"Dieses Feld darf nicht leer sein.\" aria-required=\"true\" data-invmsg=\"Mobiltelefon ist ung\u00fcltig\" aria-invalid=\"false\"  \/>\r\n    \r\n    \r\n<\/div>\n<div id=\"frm_field_226_container\" class=\"frm_form_field form-field  frm_required_field frm_top_container frm_half\">\r\n    <label for=\"field_g1sb5\" class=\"frm_primary_label\">Email Adresse\r\n        <span class=\"frm_required\">*<\/span>\r\n    <\/label>\r\n    <input type=\"email\" id=\"field_g1sb5\" name=\"item_meta[226]\" value=\"\"  data-reqmsg=\"Dieses Feld darf nicht leer sein.\" aria-required=\"true\" data-invmsg=\"Email Adresse ist ung\u00fcltig\" aria-invalid=\"false\"  \/>\r\n    \r\n    \r\n<\/div>\n<div id=\"frm_field_210_container\" class=\"frm_form_field form-field  frm_top_container frm_first frm_half vertical_radio\">\r\n    <label  class=\"frm_primary_label\">Ich buche folgendes TESLA S Paket\r\n        <span class=\"frm_required\"><\/span>\r\n    <\/label>\r\n    <div class=\"frm_opt_container\">\t\t<div class=\"frm_radio\" id=\"frm_radio_210-0\"><label for=\"field_tpqy1-0\">\t\t<input type=\"radio\" name=\"item_meta[210]\" id=\"field_tpqy1-0\" value=\"10 Tage Tesla S \u00e0 210 CHF\"\n\t\t   data-invmsg=\"Ich buche folgendes TESLA S Paket ist ung\u00fcltig\" aria-invalid=\"false\"  \/> 10 Tage Tesla S \u00e0 210 CHF<\/label><\/div>\n\t\t<div class=\"frm_radio\" id=\"frm_radio_210-1\"><label for=\"field_tpqy1-1\">\t\t<input type=\"radio\" name=\"item_meta[210]\" id=\"field_tpqy1-1\" value=\"20 Tage Tesla S \u00e0 200 CHF\"\n\t\t   data-invmsg=\"Ich buche folgendes TESLA S Paket ist ung\u00fcltig\" aria-invalid=\"false\"  \/> 20 Tage Tesla S \u00e0 200 CHF<\/label><\/div>\n\t\t<div class=\"frm_radio\" id=\"frm_radio_210-2\"><label for=\"field_tpqy1-2\">\t\t<input type=\"radio\" name=\"item_meta[210]\" id=\"field_tpqy1-2\" value=\"30 Tage Tesla S \u00e0 190 CHF\"\n\t\t   data-invmsg=\"Ich buche folgendes TESLA S Paket ist ung\u00fcltig\" aria-invalid=\"false\"  \/> 30 Tage Tesla S \u00e0 190 CHF<\/label><\/div>\n\t\t<div class=\"frm_radio\" id=\"frm_radio_210-3\"><label for=\"field_tpqy1-3\">\t\t<input type=\"radio\" name=\"item_meta[210]\" id=\"field_tpqy1-3\" value=\"40 Tage Tesla S \u00e0 180 CHF\"\n\t\t   data-invmsg=\"Ich buche folgendes TESLA S Paket ist ung\u00fcltig\" aria-invalid=\"false\"  \/> 40 Tage Tesla S \u00e0 180 CHF<\/label><\/div>\n<\/div>\r\n    \r\n    \r\n<\/div>\n<div id=\"frm_field_254_container\" class=\"frm_form_field form-field  frm_top_container frm_half vertical_radio\">\r\n    <label  class=\"frm_primary_label\">Ich buche folgendes TESLA X Paket\r\n        <span class=\"frm_required\"><\/span>\r\n    <\/label>\r\n    <div class=\"frm_opt_container\">\t\t<div class=\"frm_radio\" id=\"frm_radio_254-0\"><label for=\"field_r6uw1-0\">\t\t<input type=\"radio\" name=\"item_meta[254]\" id=\"field_r6uw1-0\" value=\"10 Tage Tesla X \u00e0 290 CHF\"\n\t\t   data-invmsg=\"Ich buche folgendes TESLA X Paket ist ung\u00fcltig\" aria-invalid=\"false\"  \/> 10 Tage Tesla X \u00e0 290 CHF<\/label><\/div>\n\t\t<div class=\"frm_radio\" id=\"frm_radio_254-1\"><label for=\"field_r6uw1-1\">\t\t<input type=\"radio\" name=\"item_meta[254]\" id=\"field_r6uw1-1\" value=\"20 Tage Tesla X \u00e0 280 CHF\"\n\t\t   data-invmsg=\"Ich buche folgendes TESLA X Paket ist ung\u00fcltig\" aria-invalid=\"false\"  \/> 20 Tage Tesla X \u00e0 280 CHF<\/label><\/div>\n\t\t<div class=\"frm_radio\" id=\"frm_radio_254-2\"><label for=\"field_r6uw1-2\">\t\t<input type=\"radio\" name=\"item_meta[254]\" id=\"field_r6uw1-2\" value=\"30 Tage Tesla X \u00e0 270 CHF\"\n\t\t   data-invmsg=\"Ich buche folgendes TESLA X Paket ist ung\u00fcltig\" aria-invalid=\"false\"  \/> 30 Tage Tesla X \u00e0 270 CHF<\/label><\/div>\n\t\t<div class=\"frm_radio\" id=\"frm_radio_254-3\"><label for=\"field_r6uw1-3\">\t\t<input type=\"radio\" name=\"item_meta[254]\" id=\"field_r6uw1-3\" value=\"40 Tage Tesla X \u00e0 250 CHF\"\n\t\t   data-invmsg=\"Ich buche folgendes TESLA X Paket ist ung\u00fcltig\" aria-invalid=\"false\"  \/> 40 Tage Tesla X \u00e0 250 CHF<\/label><\/div>\n<\/div>\r\n    \r\n    \r\n<\/div>\n<input type=\"hidden\" name=\"item_key\" value=\"\" \/>\n\t<div class=\"frm_verify\" >\n\t<label for=\"frm_email_11\">\n\t\tFalls Du menschlich bist, lasse dieses Feld leer.\t<\/label>\n\t<input type=\"email\" class=\"frm_verify\" id=\"frm_email_11\" name=\"frm_verify\" value=\"\"  \/>\n<\/div>\n\t\t<div class=\"frm_submit\">\r\n\r\n<input type=\"submit\" value=\"Senden\"  class=\"frm_final_submit\" formnovalidate=\"formnovalidate\" \/>\r\n<img class=\"frm_ajax_loading\" src=\"https:\/\/www.teslasharing.com\/wp-content\/plugins\/formidable\/images\/ajax_loader.gif\" alt=\"Wird gesendet\"\/>\r\n\r\n<\/div><\/div>\n<\/fieldset>\n<\/div>\n<script type=\"text\/javascript\"><\/script>\n<\/form>\n<\/div>\n[\/vc_column_text][\/vc_column][vc_column width=&#8220;1\/3&#8243;][vc_column_text]<\/p>\n<h4 style=\"text-align: center;\">Wie gehts weiter?<\/h4>\n<p>[\/vc_column_text][vc_separator type=&#8220;transparent&#8220; thickness=&#8220;0&#8243; up=&#8220;31&#8243; down=&#8220;0&#8243;][vc_column_text]Sie erhalten nach dem Absenden des Formulars eine Rechnung von uns. Sobald diese bezahlt ist, k\u00f6nnen Sie Ihre Tag einl\u00f6sen.[\/vc_column_text][\/vc_column][\/vc_row]<\/p>\n","protected":false},"excerpt":{"rendered":"<p>[vc_row css_animation=&#8220;&#8220; row_type=&#8220;row&#8220; use_row_as_full_screen_section=&#8220;no&#8220; type=&#8220;full_width&#8220; angled_section=&#8220;no&#8220; text_align=&#8220;left&#8220; background_image_as_pattern=&#8220;without_pattern&#8220; css=&#8220;.vc_custom_1481559095396{padding-top: 0px !important;padding-bottom: 20px !important;}&#8220;][vc_column width=&#8220;1\/3&#8243;][vc_single_image image=&#8220;1018&#8243; img_size=&#8220;64&#215;64&#8243; alignment=&#8220;center&#8220; qode_css_animation=&#8220;&#8220;][vc_separator type=&#8220;transparent&#8220; thickness=&#8220;0&#8243; up=&#8220;31&#8243; down=&#8220;0&#8243;][vc_column_text] 1. Paket ausw\u00e4hlen [\/vc_column_text][vc_separator type=&#8220;transparent&#8220; thickness=&#8220;0&#8243; up=&#8220;25&#8243; down=&#8220;0&#8243;][vc_column_text]Buchen Sie ein Paket mit 10, 20, 30 oder 40 Tagen und l\u00f6sen Sie die Tage&#8230;<\/p>\n","protected":false},"author":1,"featured_media":0,"parent":0,"menu_order":0,"comment_status":"closed","ping_status":"closed","template":"","meta":[],"_links":{"self":[{"href":"https:\/\/www.teslasharing.com\/index.php?rest_route=\/wp\/v2\/pages\/966"}],"collection":[{"href":"https:\/\/www.teslasharing.com\/index.php?rest_route=\/wp\/v2\/pages"}],"about":[{"href":"https:\/\/www.teslasharing.com\/index.php?rest_route=\/wp\/v2\/types\/page"}],"author":[{"embeddable":true,"href":"https:\/\/www.teslasharing.com\/index.php?rest_route=\/wp\/v2\/users\/1"}],"replies":[{"embeddable":true,"href":"https:\/\/www.teslasharing.com\/index.php?rest_route=%2Fwp%2Fv2%2Fcomments&post=966"}],"version-history":[{"count":26,"href":"https:\/\/www.teslasharing.com\/index.php?rest_route=\/wp\/v2\/pages\/966\/revisions"}],"predecessor-version":[{"id":10111,"href":"https:\/\/www.teslasharing.com\/index.php?rest_route=\/wp\/v2\/pages\/966\/revisions\/10111"}],"wp:attachment":[{"href":"https:\/\/www.teslasharing.com\/index.php?rest_route=%2Fwp%2Fv2%2Fmedia&parent=966"}],"curies":[{"name":"wp","href":"https:\/\/api.w.org\/{rel}","templated":true}]}}